et s be d(-3). Suppose s*z - 1479 = 1385. What are the prime factors of z?
2, 179
Suppose 4*z = -2*o + 330, -o - z - 153 = -2*o. Let k(d) = -2*d**2 - 7*d - 38. Let y be k(-7). Let p = y + o. List the prime factors of p.
2, 5, 7
Let g(y) = -4 - 1 - 2 - 2*y + 3*y**2 + y**3 - 5*y. Let i be g(-4). List the prime factors of (24 - -1)*i - 0/7.
5
Let s(z) = -8*z**3 - 15*z**2 - 98*z - 40. List the prime factors of s(-10).
2, 3, 5, 31
Let o = -106 + 115. List the prime factors of 102 - -1 - (-7 + o).
101
Let x(l) = 5792*l**2 + 187*l - 7. What are the prime factors of x(2)?
3, 5, 523
Let b be (6 - 152)/(-1) - 3. Suppose 4*f + b = 5*f. What are the prime factors of f?
11, 13
Suppose 4*q + 26 - 34 = 0, 2*q - 3150 = -2*p. List the prime factors of p.
11, 13
Let o(n) = -6*n**2 - 12*n**2 + 26*n**2 - n - n**3 + 8 + 6*n + 0*n**3. Suppose r - 3 = 4. What are the prime factors of o(r)?
2, 23
Let v = -209 + 196. What are the prime factors of (v - 680/(-50)) + (-742)/(-5)?
149
Suppose -4*n - 46300 = -4*i, 0 = -5*i - 5*n + 52103 + 5762. List the prime factors of i.
2, 3, 643
Suppose 0 = 4*l + 4*s, -3*s + 6*s + 40 = 5*l. Let v(o) = 6*o**2 - 4*o + 36. List the prime factors of v(l).
2, 83
Let d(l) = 180*l - 40. Let p be d(7). Let u = p + -547. What are the prime factors of u?
673
Let d = 73 + -77. List the prime factors of 92*1*-1*(3 + d).
2, 23
Let j be -6*(27/6 + -5). What are the prime factors of ((-340648)/(-21))/14 - 2/j?
2, 3, 193
Suppose -213*z - 70434 = -2*y - 217*z, -2*y - 3*z + 70441 = 0. What are the prime factors of y?
7, 719
Suppose -8 - 180 = 4*m. Let x = -49 - m. Let q(z) = -z**3 + 2. List the prime factors of q(x).
2, 5
Let k be 512/3 - 4/6. Let f be ((1818/5)/(-3))/((-2)/5). Let t = f - k. List the prime factors of t.
7, 19
Suppose m = -2*a - 3*a + 35, 5 = 2*m - 3*a. Let v = 1 - 1. Suppose -8*h - m*h + 3690 = v. List the prime factors of h.
5, 41
Suppose 4*l - 29752 = -2*x + 29586, 4*l + 148415 = 5*x. What are the prime factors of x?
3, 13, 761
What are the prime factors of (72/4)/(-3) - (-56560)/14?
2, 2017
What are the prime factors of (8 + 4814/(-2))/((-4)/24)?
2, 3, 2399
Suppose 2*o = k - 35, 0 = -6*k + 2*k - 20. Let a be (o/8)/((-1)/(-1 + 3)). Suppose -a*c = b - 570, 14 = 4*b - 6. List the prime factors of c.
113
Let p(o) = 36*o**2 + 5*o + 6. Let b be p(-2). Let q = 536 - b. List the prime factors of q.
2, 3, 11
Let z(m) = 5*m**2 - 14*m - 29. Let f be z(11). Suppose 628 = 3*i - t, 2*i - f = -0*i - t. List the prime factors of i.
2, 3, 5, 7
Suppose 8248 = 15*f + 388. Let h = -289 + f. List the prime factors of h.
5, 47
Suppose 235*o = 1693101 + 2078414. What are the prime factors of o?
11, 1459
Let i = -474 - -299. Suppose 0 = 2*b + 922 - 718. Let c = b - i. What are the prime factors of c?
73
Let f(j) = 2. Let o(c) = -31*c - 82. Let h(d) = -2*f(d) + o(d). List the prime factors of h(-22).
2, 149
Suppose 0 = -119*h + 105*h + 154. Suppose h*n - 3*n = 2272. List the prime factors of n.
2, 71
Let b(x) = x**3 - 15*x**2 + 18*x + 34. Let u(t) = t + 65. Let a be u(-11). Suppose 4*s - 2 - a = 0. List the prime factors of b(s).
2, 3, 5
Suppose 5*q = 3*h + 5, -h + q = 3*q - 2. Suppose 2*c - 18 + 262 = h. What are the prime factors of (-8)/(-2) - (c - 0)?
2, 3, 7
Suppose -1180 = -32*i + 37*i. Let f = i + 697. List the prime factors of f.
461
Let k = 546 + -546. What are the prime factors of (k - 2863/(-35))*15?
3, 409
What are the prime factors of -5 - (-5836 + 90)/((-1)/(-2))?
3, 7, 547
Suppose -u = -5*d - 4898, -32*d + 33*d = -4*u + 19655. What are the prime factors of u?
17
Suppose 30 = 12*z - 2*z. What are the prime factors of 67 + (z - 4) + 5?
71
Suppose 61*a = 56*a - 3*m + 26040, 0 = -4*a - m + 20832. What are the prime factors of a?
2, 3, 7, 31
Suppose 4*o - 915*a - 1235 = -910*a, -5*o + 1545 = -5*a. What are the prime factors of o?
2, 5, 31
Let i(q) = -q**2 + 24*q + 115. List the prime factors of i(0).
5, 23
Let v be 13/39*(-2 - 1613*-1). Suppose -3*k + 748 = -4*t, v = 4*k - 2*k + 5*t. List the prime factors of k.
2
Suppose 42566 = 14*z + 12424. What are the prime factors of z?
2153
List the prime factors of (-23)/(253/(-33)) - (-45486 - 5).
2, 23, 43
Let f be (-14)/3 + 2/3. Let i(r) = r**3 + 5*r**2 + 3*r - 2. Let p be i(f). Suppose -3*a + 294 = 5*u, p*u - 65 = 5*a + 65. What are the prime factors of u?
2, 3, 5
Suppose 117*i - 178*i = -804285. What are the prime factors of i?
3, 5, 293
Let p = -263 - -261. List the prime factors of (-19 - (1 - p))*-1.
2, 11
List the prime factors of 266/(-2261) + (-361086)/(-51).
2, 3, 5, 59
Suppose -488*z + 424*z = -3044224. What are the prime factors of z?
2, 17, 1399
Suppose -j = 5*o - 47, -j + 4*j + o - 71 = 0. Suppose 4*f - 26 = j. List the prime factors of 8/f*(4 - -41).
2, 3, 5
Let t = 54 + -20. Suppose t = 3*y - f - 827, 280 = y + 2*f. List the prime factors of y.
2, 11, 13
Let r = 833 - 411. Suppose -423*u + 419 = -r*u. What are the prime factors of u?
419
List the prime factors of ((-1876)/21 - -6)/(-1*2/186).
2, 5, 31
Let b(z) be the first derivative of z**3/3 + 2*z**2 + 3*z - 10. Let p be b(-2). What are the prime factors of 15/p*165/(-11)?
3, 5
Suppose -20 = -5*s - 5*w, w + 6 = 5. Suppose 0 = h + s*h + 504. Let u = 31 - h. What are the prime factors of u?
5, 23
Let d = -246 - -255. Suppose d*z - 317 = 2626. What are the prime factors of z?
3, 109
Suppose n + 51929 - 68004 = 0. What are the prime factors of n?
5, 643
Let r be (-72)/(1 + 1)*9/6. Let x be r/(-8)*(-64)/(-12). Suppose -3*v = -v - x. What are the prime factors of v?
2, 3
Let y(l) = 8*l**2 + 21*l + 24. Let o be y(-5). Suppose -g - j + 447 - o = 0, -5*g = j - 1652. List the prime factors of g.
331
Let j(y) = 23*y + 96. Let a be j(-4). Suppose -1047 = -2*c + a*m - 5*m, 4*c - 2079 = 3*m. List the prime factors of c.
2, 3, 29
Suppose -12*o + 30464 + 11812 = 0. What are the prime factors of o?
13, 271
Suppose 2*h - 6 = -4*q, -3*q = -4*h - 6*q + 17. Let o be (-57)/3*1 + (h - 2). List the prime factors of 1 - 1484/o - (-3)/12.
2, 47
Suppose -4*g - 19 = -3*r, 0 = 3*g - 0*r - 3*r + 18. Let i = g + 105. Let w = i + -62. List the prime factors of w.
2, 3, 7
Suppose 0 = 4*p + 419 + 161. Let d = p - -77. Let n = d - -227. What are the prime factors of n?
3, 53
Let s = -41606 - -64504. What are the prime factors of s?
2, 107
What are the prime factors of 24*(-15)/45 - -5701?
5693
Let p(o) = -9*o**3 - 16*o**2 + 34*o + 1366. What are the prime factors of p(-22)?
2, 17, 2609
Suppose -3*b - 3*z + 3 = 0, z = 4*b - 0*b - 14. Suppose 72 + 249 = j + 5*x, -x - 915 = -b*j. Suppose 7*f = j + 44. What are the prime factors of f?
2, 5
Let w = 1087 - 385. Let r = -244 + w. What are the prime factors of r?
2, 229
Let f be (-3)/((-6)/(-4)) - -17. Suppose 0 = 5*i - 3*v - 1851, 3*i - 19*v - 1115 = -f*v. List the prime factors of i.
3, 41
Suppose -4*z + 3*r + 17198 = 5*r, 4*z + 3*r - 17197 = 0. Let p = z + -2484. List the prime factors of p.
2, 227
Let l(d) = -d**2 - 6*d + 20. Let x be l(-8). Let o(q) = 19*q + x - 11 + 37*q - 6. List the prime factors of o(3).
5, 31
Suppose -89*j - 132 = -83*j. Let f(v) = v**2 + 4*v + 25. What are the prime factors of f(j)?
421
Suppose -10 = 5*n, -4*g - n = 1220 - 74. Let r = -26 - g. List the prime factors of r.
2, 5, 13
Suppose -3*j + 7262 = -k, -3*j + 28*k + 7266 = 25*k. List the prime factors of j.
2, 5, 11
Let n(f) = -f**3 + 4*f**2 - 5*f + 7. Let b be n(2). Suppose 0 = -3*l - b*m - 504, 3*m = 6*m - 9. What are the prime factors of ((-84)/(-8))/7 - l/2?
2, 11
Suppose -3*f - 8 - 37 = 0. Let h(u) = 40 + 43 - 80 - 4*u + 3*u. What are the prime factors of h(f)?
2, 3
Let q be (0 + (-1 - 0))*-3. Let d = 34 - q. Suppose -m + 3 = -d. List the prime factors of m.
2, 17
Suppose 28128 = 3*p + 3*h, 0 = -2*p - 2*h + 7*h + 18724. List the prime factors of p.
2, 3, 11, 71
Let y = 42 - 104. Let q = y + 65. Suppose -2*i + 0*w = -w - 57, 0 = -2*i - q*w + 45. What are the prime factors of i?
3
Let p(a) = -4*a**2 + 289*a - 2. List the prime factors of p(4).
2, 5, 109
Suppose 2 = -5*t - 3. Suppose -2*m - 1992 = -14*m. What are the prime factors of (t/2)/((-1)/m)?
83
Let d = -136 + 133. Let t(i) = -8*i - 22. Let n be t(d). Suppose 0 = 5*h - 0*h - 2*a - 720, -a + 279 = n*h. List the prime factors of h.
2, 71
Suppose 19*v - 15*v - 744 = 0. Let y = v + 55. W